on factor of l and 45?
9
Let y = -4 - -5. Suppose 2*m - 16 = 3*m. Let g be (m/2)/(1/(-1)). Calculate the greatest common factor of g and y.
1
Suppose -9*a + 6*a + 36 = 0. What is the highest common divisor of 6 and a?
6
Let n(y) = 4*y**2 + 2. Let s(r) = r**2 - 7*r + 4. Let u be s(6). Let f be n(u). What is the highest common factor of f and 144?
18
Let a = -97 + 197. Calculate the highest common factor of 20 and a.
20
Let o be ((-3)/1)/(-6 + 5). Let d = o + 4. What is the greatest common divisor of 49 and d?
7
Let o(n) = n - 6. Let q be o(6). Let w(b) = -b**2 - b + 42. Let y be w(q). Calculate the highest common factor of y and 14.
14
Let g(h) be the third derivative of h**5/60 - h**4/4 - 5*h**3/6 - 5*h**2. Let u be g(8). What is the highest common factor of 121 and u?
11
Suppose g + 31 = 5*x - 16, 0 = -3*x + 5*g + 15. What is the greatest common factor of x and 4?
2
Let q = -8 + 26. What is the highest common factor of 54 and q?
18
Suppose 3*p - 4 = k - 46, -2*k + 2*p = -84. Let b be (-17)/(-3) - 1/(-3). Calculate the greatest common factor of b and k.
6
Let y be 32/24*(-2)/(6/(-27)). What is the highest common factor of 16 and y?
4
Let y = 98 - 86. Calculate the greatest common divisor of 108 and y.
12
Let k be (12/10)/((-1)/(-60)). Let j = 27 + -18. Calculate the highest common factor of j and k.
9
Let n = -6 - 7. Let k = n + 24. Suppose 5*l + 161 = 2*y, -6*l + l = -15. Calculate the greatest common divisor of y and k.
11
Let c(l) = l - 2. Let j be c(8). Let p be (j/(-5))/(3/(-10)). What is the greatest common factor of p and 1?
1
Suppose -b + 0 = 4*z + 8, 5*b = -2*z + 50. Suppose 2*o - b = -0. What is the highest common factor of o and 15?
3
Let h = -80 - -96. Calculate the greatest common factor of h and 24.
8
Let c(f) = f**2 + 7*f - 10. Let q be c(-7). Let a = q - -12. Let o be -5*-3*(-2)/(-10). Calculate the highest common divisor of o and a.
1
Let u(b) = 2*b - 6. Let j be u(9). What is the greatest common divisor of j and 24?
12
Suppose 5*s - 3*s = 0. Let w be s/(-5)*2/(-2). Let m be 2 - (-15 - (w - 1)). What is the greatest common divisor of 16 and m?
16
Let d be (0 + -5 + 3)/(-1). Suppose -4*m + 12 = 0, -2*o + d*m + 12 = -o. What is the greatest common divisor of 90 and o?
18
Let k(n) = -n**3 - 3*n**2 + 8*n + 5. Let m be k(-5). Let w = m + -7. Suppose -4 = -2*q + w. What is the highest common divisor of 2 and q?
2
Suppose -5*t - 418 + 1898 = 0. Suppose s = -3*s + t. Suppose 0 = 5*h - 4*m - 106, -5*h + s = -m + 5*m. What is the greatest common factor of h and 12?
6
Let g = 19 - 11. Let z be 158/g + (-1)/(-4). Calculate the greatest common divisor of z and 220.
20
Suppose 0 = -3*m + 4*r + 517, m + 4*r = 72 + 95. Calculate the highest common divisor of 114 and m.
57
Let b be 9/(-21) + (-2162)/(-14). Let j(y) = 25*y**3 - y**2 - y + 1. Let k be j(1). Let t be k/2 - (-3 - -1). What is the highest common divisor of b and t?
14
Let g = -14 - -5. Let l = g + 14. Calculate the greatest common divisor of l and 5.
5
Suppose 2*b + g + 2*g = 48, -3*g = 5*b - 111. Suppose 5*s = 7 - 112. Let f be s*3*(-2)/9. What is the greatest common factor of b and f?
7
Suppose -11 = -0*h + h - 4*z, z - 29 = 4*h. Let f = 22 + h. Let c = 17 - 2. Calculate the greatest common divisor of f and c.
15
Let y be (-54)/(-8) - (-3)/12. Let q(k) = k**3 + 10*k**2 + 11*k + 9. Let t be q(-8). What is the greatest common factor of t and y?
7
Let x be ((-28)/(-49))/((-2)/(-7)). Suppose g - 571 = -2*g + 5*v, -x*g = 2*v - 370. Calculate the highest common factor of g and 17.
17
Let m = 16 - 4. Suppose -4*x = -3*x + 3, -4*x = w + 18. Let b be (16/w)/(4/(-126)). What is the highest common factor of m and b?
12
Suppose 3*k + 5*r = 62, -3*k + r - 4*r + 66 = 0. Calculate the greatest common divisor of k and 60.
12
Let r(f) = -f + 4*f - 2*f - 4*f - f**3 - 12*f**2 - 2. Let p be r(-12). What is the greatest common divisor of p and 17?
17
Let j(t) = -t + 15. Let d be j(-6). Let q be (-2)/(-1) - (-2 + 1). What is the greatest common factor of d and q?
3
Let n(b) = b**3 + 12*b**2 + 18*b - 8. Let p be n(-10). Calculate the greatest common divisor of p and 3.
3
Let b(u) be the first derivative of -u**3/3 + 5*u**2 + 6*u - 2. Let f be b(8). Calculate the greatest common factor of f and 110.
22
Suppose 4*g + 3*a = 8 + 12, -3*g = 4*a - 15. Calculate the greatest common divisor of g and 30.
5
Suppose 0*y + 20 = y + 2*h, 0 = -4*y - 2*h + 74. What is the greatest common divisor of 27 and y?
9
Let z be (-12)/(-5)*(-30)/(-9). Suppose -z = 3*j + j. Let k = 4 + j. What is the greatest common factor of k and 16?
2
Let x = 317 + -92. Suppose -x = -3*b + 3*p, -5*b + 19 = -2*p - 356. Calculate the highest common divisor of 30 and b.
15
Let y = 58 - -74. Let p(t) = -t + 2. Let x be p(2). Suppose -s + 12 = -x. What is the greatest common divisor of y and s?
12
Suppose -6*p = 6 - 30. What is the greatest common divisor of p and 20?
4
Let k(f) = f**3 - f. Let c be k(3). Let d = c + 0. What is the greatest common factor of 60 and d?
12
Let w = 255 - 135. Calculate the greatest common divisor of w and 15.
15
Let f = 11 - -11. Calculate the greatest common divisor of f and 110.
22
Suppose 0 = -6*r - 0*r + 336. Calculate the highest common factor of 7 and r.
7
Suppose 0 = -2*q - 3*q + 945. Suppose 5*n = 2*n + q. Calculate the greatest common factor of n and 7.
7
Suppose 0 = -5*k + 2*s + 74, -5*k + 57 = -5*s - 8. Let w(v) = -v - 5. Let l be w(-5). Suppose -i + 24 = -l. Calculate the greatest common factor of k and i.
8
Let p(g) = -g**2 + 11*g - 13. Let j be p(10). Let x(y) = -4*y - 3. Let c be x(j). What is the highest common factor of c and 45?
9
Let i = 147 + -27. Let n be (2 - 1)/((-3)/i). Let d be n*(-1)/(-5)*-2. What is the highest common divisor of 4 and d?
4
Let o(k) = -k**2 - 7*k - 4. Let i be o(-6). Let z = i + 14. Suppose -s + z = s. What is the greatest common factor of s and 8?
8
Suppose -n = 2, 218 = 2*v + 3*n + 8. Calculate the greatest common divisor of 27 and v.
27
Let h = 3 - 1. Let l = 15 - 36. Let z = -3 - l. What is the greatest common divisor of h and z?
2
Let v be 2/((3 + 0)/(-78)). Let k = 73 + v. Calculate the greatest common factor of k and 105.
21
Let q be ((-30)/(-5) - 2) + 10. Let w = 138 - 12. What is the greatest common divisor of q and w?
14
Let w = -3 - -5. Let y = -8 + 10. Suppose -3 - 1 = -y*f. Calculate the greatest common divisor of f and w.
2
Suppose -99*m = -97*m - 320. Suppose 2*z - 5*a = -3*z + 120, 3*a = -5*z + 88. What is the highest common factor of m and z?
20
Let w = -29 - -49. Calculate the greatest common factor of 60 and w.
20
Suppose 1 = 3*m - 2*f, -4*m = -m + 4*f - 7. Calculate the greatest common factor of 9 and m.
1
Let x(v) = 2*v + 12. Let f be x(-13). Let w be 7/(f/4) - -21. Calculate the highest common divisor of 171 and w.
19
Let l be 2/(-1 + 10/6). What is the greatest common factor of 1 and l?
1
Let s = -8 + 11. Suppose d - 2*d + s*x + 39 = 0, 5*d = -3*x + 213. Let z = 67 - 39. Calculate the highest common divisor of d and z.
14
Let i(q) = -2*q + 11. Let c be i(0). Let j(h) = -27*h + 1. Let r be j(-2). Calculate the greatest common factor of r and c.
11
Let q = 10 - 1. Suppose -2*v = -3*v - 1. Let l be 3 + -1 - v*q. Calculate the highest common divisor of 77 and l.
11
Suppose 2*d = 4*o + 26, 0 = 5*d - 2*d + 2*o - 55. Let q be (d + -7)/(2*1). Calculate the highest common divisor of q and 5.
5
Let z(p) = -5*p + 2. Let k be z(-5). Let g(s) = 154*s - 19. Let r be g(1). Calculate the highest common factor of k and r.
27
Suppose 3*c + c = 3*s - 214, s - 62 = -c. Calculate the highest common factor of 6 and s.
6
Suppose 0*l - 4*l - 940 = 0. Let q be l/(-10) - (-1)/2. Calculate the greatest common divisor of 36 and q.
12
Let y = -3 + 5. Let j be 1/(2 - (y - 1)). Let u be (-1)/((-3 - 0)/21). Calculate the greatest common factor of u and j.
1
Let x(h) = 2*h**2 + 2*h - 3. Let y be x(-4). Calculate the highest common divisor of 84 and y.
21
Let o(n) = n**3 - 6*n**2 + 7*n + 2. Let x be o(5). What is the greatest common divisor of x and 36?
12
Suppose 0 = -3*s + 4*x + 60, 4*x + 0*x + 12 = s. Calculate the highest common divisor of 48 and s.
24
Let l be (-5)/(-2)*34/5. Let x = l - -7. What is the greatest common divisor of x and 3?
3
Let j(u) = -u**2 - 2*u**3 + 3*u + u